 is the units digit of h + 2*(-2)/(-4)?
8
Suppose -2*d - 3*b = 7, -5*b - 10 = 15. Suppose -2*m + 1 = 9, 80 = d*z + 2*m. What is the tens digit of z?
2
What is the hundreds digit of ((-1716)/96)/(2/8)*-6?
4
Suppose 3*p + p = 120. What is the units digit of 1/(-2 - p/(-14))?
7
Let f be ((-57)/9)/((-2)/6). Suppose -p = -4*u + f, 2 + 7 = -3*p. What is the units digit of u?
4
Suppose 7 = -2*u + 1. Let d be 27*u*(-2)/18. Suppose z - 4*z + d = 0. What is the units digit of z?
3
Let k = 18 - 9. Suppose 3*z - 69 = -5*b, -4*z = k*b - 4*b - 67. Suppose -4*p - b = 5*l + p, p = 2*l - 9. What is the units digit of l?
2
Let i = 2 + -2. Suppose -b = -i*b. Suppose 3*d - 20 - 25 = b. What is the tens digit of d?
1
Let i(p) = p**3 - 1. Let w(j) = 4*j**3 - j**2 + j - 37. Let h(m) = 5*i(m) - w(m). Let c be h(0). Suppose -5*f = -8 - c. What is the units digit of f?
8
Let o(a) = a + 1. Let z be o(3). Suppose -z*j + 0*j = -36. What is the units digit of j?
9
Let x = 3 - 3. Suppose -6 = -2*s - x*s. What is the units digit of s?
3
Let y = -65 - -99. Suppose 0*r = -2*r - 2, -i + 2*r + y = 0. Suppose -4*s - i = -8*s. What is the units digit of s?
8
Let u(g) = -3*g + 7. Let q be u(-10). Suppose -9*o = -4*o + n - q, o = 5*n - 3. What is the units digit of o?
7
Let d be (1/(-2))/((-1)/6). Suppose 0 = -d*m - 0*m - 9. What is the units digit of (m/(-3) + 1)*2?
4
Let n = -114 - -198. Suppose 0 = -l - 5*l + n. What is the tens digit of l?
1
Let v(k) = 2*k - 6. Let w(h) = -h - 1. Let f be w(-11). What is the tens digit of v(f)?
1
What is the tens digit of -1*(-4)/(-6) + (-736)/(-6)?
2
Suppose -5*p = -3*g - 3, -3*g - p - 2*p = -21. Suppose 47 = g*k + 15. What is the units digit of k?
8
Let z(v) = 6*v**3 - v - 1. Let g be z(-1). Let j(k) = 3*k + 15. Let q(u) = 3*u + 14. Let o(x) = 5*j(x) - 6*q(x). What is the units digit of o(g)?
9
What is the units digit of (1/3)/(14/8358)?
9
What is the units digit of -2 + (2 - (-175 + -4) - -1)?
0
Let g(o) = -o**3 - 2*o**2 + 7*o + 5. Let z be g(-4). Let m(v) = -v**2 + 12*v + 1. What is the units digit of m(z)?
8
Let p(k) = -k**2 + 12*k + 3. Let g be p(8). Suppose -4*u + 1 = -g. What is the units digit of u?
9
Let o = 220 - 78. What is the hundreds digit of o?
1
Suppose 4*x + x - 25 = 0. Suppose 24 = -2*y - 2*y. Let g = x - y. What is the tens digit of g?
1
Suppose -25 = 2*j + 3*j, 3*z + 3*j = 396. What is the hundreds digit of z?
1
Let d be 0 + 3 + -4 + 1. Suppose d = -g - 3*g - 48. Let u = 4 - g. What is the units digit of u?
6
Let q(b) = 55*b**2 - 4*b - 4. What is the units digit of q(-1)?
5
Let p = -83 - -187. Let y = p + -54. What is the tens digit of y?
5
Let h = 7 + 1. Suppose 2*j = h, 0*j = v - j - 6. What is the tens digit of v?
1
Suppose 9*u - 141 = -15. What is the units digit of u?
4
Let g(o) = -o**3 - o**2 + 3*o + 1. Suppose 5*y + 12 = k, -k + 2*y = k. What is the units digit of g(k)?
0
Suppose 2*k + 4*m - 539 = -163, -k - m + 189 = 0. What is the units digit of k?
0
Let d = -66 - -116. What is the units digit of d?
0
Suppose 3*m - 4*c = 498, -3*m = -m + 5*c - 309. What is the units digit of 4/6*m/12?
9
Suppose 7*v - 296 - 40 = 0. What is the units digit of v?
8
Suppose b + 4*n = -35, 20 = -3*b + 2*n - 15. Let f = 25 + b. What is the tens digit of f?
1
Let k be ((-2)/(-3))/((-6)/(-54)). Suppose 2 = 5*d - 4*d. Suppose -d = -g + k. What is the units digit of g?
8
Let f(r) = 4*r**2 + 9*r. What is the tens digit of f(4)?
0
Let t(u) = -u**2 + 10*u - 9. Suppose 3*f - 8 = f. Suppose -4*l = -f, 0 = 2*o - 4*o + 5*l + 11. What is the units digit of t(o)?
7
Let b(f) = 3*f - 5. Let a be b(4). Suppose u = y - 23, a*u = 3*u. What is the units digit of y?
3
Suppose -u - 4*u = 0. Suppose -3*i = u, 4*r + 2*i = r + 45. What is the units digit of 51/r - 6/(-10)?
4
Let u = -16 - -50. What is the tens digit of u?
3
Suppose 3*c + 6 = 3*x, -3*c + 5*x = 2 + 2. Let s(l) = l**3 + 7*l**2 + 7*l. Let p be s(-6). Let a = c - p. What is the units digit of a?
3
Suppose -5 = 5*w - 15. Suppose w*p - 8 = 36. What is the units digit of p?
2
What is the tens digit of -54*-4*2/6?
7
Let a(g) be the third derivative of g**4/8 + g**3/6 + g**2. What is the units digit of a(11)?
4
Let o be -30*((-2)/6 - -1). Let g(j) = j**3 + 7*j**2 + 8*j + 4. Let t be g(-6). What is the units digit of o/t - (-2)/(-4)?
2
Let t(u) = -20*u + 41. What is the tens digit of t(-4)?
2
What is the units digit of 467/15 - (-2)/(-15)?
1
Let a = 2 - 7. Let y(x) = -30*x**3 - 8*x**2 - 5*x - 5. Let g(b) = -20*b**3 - 5*b**2 - 3*b - 3. Let r(m) = a*y(m) + 8*g(m). What is the units digit of r(-1)?
0
Let k(u) = u**3 - 7*u**2 + u - 4. What is the units digit of k(7)?
3
Let y = -31 - -38. What is the units digit of y?
7
Suppose 5*y + 17 = x, x + y - 5*y = 14. Suppose 0 = -x*i + 4*i - 28. Suppose -n + 2*n = i. What is the units digit of n?
4
Let s = -34 - -21. Let v = s - -8. Let y = -2 - v. What is the units digit of y?
3
Let a(h) = h**3 + h**2 - h. Suppose -l = -3*u + 4, -l + 3*u - u = 0. Let v(q) = q - 6. Let d be v(l). What is the tens digit of a(d)?
1
Let x(t) = t**2 - 4*t + 3. Let v be x(6). Suppose 0 = f - 2*k - v, -8 = -3*k + 7*k. What is the tens digit of f?
1
Let k = -21 - -34. What is the units digit of k?
3
Suppose -2*q - 4 = -3*q. What is the units digit of q?
4
Suppose -5*r - 3*i = -5, 4*r - 4 = i - 0. What is the units digit of 1/(r + (-48)/51)?
7
Suppose 2*h + h - 15 = 0. Suppose 3*w + 14 = -y + 3*y, 0 = -h*w + 20. Suppose -o + y = -0*o. What is the tens digit of o?
1
Let j = 13 + -13. Let u = j + 1. What is the units digit of u?
1
Let z(i) = i**2 - 1. Let u(o) = -5*o - 1. Let n be u(-1). Suppose -j - 2 = -n. What is the units digit of z(j)?
3
Let i = -112 - -166. Suppose 2*l - 86 = 5*b, -3*b - i = -2*l - 6*b. What is the units digit of l?
3
Let b = -21 - -39. Suppose 2*v + 4*t = 20, -4*t + t + b = 3*v. What is the units digit of v?
2
Suppose -7 - 5 = 3*f, 50 = 2*k - 3*f. What is the units digit of k?
9
Let o(z) = 5*z + z - 5*z - 1 + z**2. Let m be o(2). Suppose -3 - 5 = -4*u + m*x, 0 = u + 3*x - 19. What is the units digit of u?
7
Let w(f) = 11*f. Suppose 0 = -a + 3*q + 14, -3*a - 4*q + 3 = 13. Let j be w(a). What is the tens digit of (1/1)/(2/j)?
1
Suppose 0 = o - 2*o + 4. What is the units digit of o?
4
Suppose -2*p = -5*q + 372, 0 = q + q - p - 148. What is the tens digit of q?
7
What is the units digit of 6/57 + (-23586)/(-114)?
7
Let w(z) = z**3 - 11*z**2 - 14*z + 12. Let c be w(13). What is the tens digit of 27/12*c/9?
4
Let c(v) = -5*v**2 - 3*v**2 - 1 + v**2 - v**3 - 4*v**2 - 12*v. What is the units digit of c(-10)?
9
Let a(b) = b**2 + 8*b - 32. What is the units digit of a(-14)?
2
Let p = 25 - 24. What is the units digit of p?
1
Let h = -177 - -438. What is the tens digit of h?
6
Let c(i) = -i**2 + 9*i + 4. Let t be c(6). Let v = t - 8. What is the tens digit of v?
1
Let r(k) = 35*k**3 - k**2 + k + 0 - 4 + 3 + 2*k**2. Let y be r(1). What is the units digit of (-8)/y + 20/9?
2
Suppose -10*c = -427 - 253. What is the units digit of c?
8
Suppose -154 - 66 = -4*z. What is the tens digit of z?
5
Let l be (0 + (-1)/(-2))*10. Suppose 3*v + 4*r - 7 = 5*r, -l*v = 3*r - 7. What is the units digit of v?
2
Suppose -5*s = -3*y - 5, -3*y = -19 + 4. What is the units digit of s?
4
Let z(i) = i**3 + 16*i**2 - 2*i + 6. What is the hundreds digit of z(-5)?
2
Suppose 0 = -2*d + 5*m - 297, 4*m + 16 = 4. What is the units digit of (1/2)/((-6)/d)?
3
Let d(z) = -8*z + 75. What is the units digit of d(-10)?
5
Suppose -2*t + 4 = -f - 2, -2*f + 6 = 5*t. Let n(l) = l**2 - l. Let j be n(2). Suppose t*h = h + j. What is the units digit of h?
2
Suppose 0 = -z - 4*z. Let k(y) = y - 2. Let q be k(z). What is the units digit of (q - -4) + 2/2?
3
Let j = 13 - -130. What is the tens digit of j?
4
Suppose -4*n + 11 = d - 12, 5*d - 10 = n. Suppose -d*g = -2*r + 20, 3*r - 33 = g - 10. What is the units digit of r?
7
Let g be (1 + -2)/((-9)/36). Suppose 0 = -x - g*r, -r = 2*x + x - 11. Suppose 2*m - x*m = -22. What is the units digit of m?
1
Suppose 4*y + 52 = -0*y. Let j = -8 - y. What is the units digit of j?
5
Let n(b) = -b**3 - 8*b**2 - b + 2. Let t be (-8)/3*15/5. What is the units digit of n(t)?
0
What is the units digit of ((-4 - -2) + (0 - 2))/(-2)?
2
Suppose 2 = -y + 15. Suppose 0*i + y = i. What is the units di